, -v + 3 = y. Calculate the greatest common divisor of 586 and v.
2
Suppose 3503 = -43*m + 60005. Calculate the greatest common factor of 54 and m.
18
Let r(l) = l**2 + 2*l + 7. Let n be r(-5). Suppose -19*k + 244 - 73 = 0. Let a be 3/((-21)/(-14)) + k. What is the greatest common divisor of n and a?
11
Let n(w) = -28*w - 1088. Let v be n(-39). What is the highest common factor of v and 1996?
4
Let a = -23 - -44. Suppose 5446 = 165*m + 224*m. Calculate the highest common divisor of a and m.
7
Suppose 4*v + 15628 = 5*q, 2500 = 4*q + v - 9994. Calculate the greatest common factor of q and 213.
71
Let u(j) = -j**3 + 16*j**2 + 24. Suppose -16*w + 184 = -72. Let l be u(w). Calculate the greatest common divisor of 3 and l.
3
Let q = -1431 + 1471. What is the greatest common divisor of q and 12280?
40
Suppose 2*b - 48*b + 175 = -147. Calculate the greatest common factor of 1799 and b.
7
Let y(p) = -p**2 + 21*p - 20. Let x be y(22). Let b = -32 - x. What is the greatest common divisor of b and 190?
10
Let l = 349 - 347. Suppose -3*w + 3*r = -4*w + 12, l*w = -4*r + 34. Calculate the highest common divisor of w and 21.
3
Let l(c) = -14*c - 142. Let u be l(-31). Let y = u + -289. Suppose 3*a + 15 = 0, -a + 3 = 2*x + 2. Calculate the highest common divisor of y and x.
3
Let y = 8 - -21. Let q(f) = -6*f + 35. Let m be q(-12). Let h = y + m. Calculate the highest common factor of h and 17.
17
Let s(g) = -g**2 + 8*g - 5. Let v be ((-1 - -5)/(-8) - 0)*-10. Let m be s(v). Let y be (0 - 6)*-2*m. Calculate the highest common divisor of 40 and y.
40
Suppose 113 = l - g, 58*l = 61*l - 5*g - 347. Calculate the greatest common divisor of l and 5995.
109
Suppose -j + 85 = l, 3*j + 2*l - 323 = -67. What is the highest common divisor of 8342 and j?
86
Let q(b) = -b - 2. Let h be q(-5). Suppose -3*l - 36 = 3*o - 42, 3*l + 2*o - 8 = 0. What is the highest common divisor of h and l?
1
Let q = 981 - 35. Calculate the highest common divisor of q and 264.
22
Let z(g) = 152*g - 160. Let t be z(2). Let f = -33 - -49. What is the highest common divisor of f and t?
16
Suppose 0 = 2*d - 2*s - 4252, 549*d - 547*d - 3*s = 4251. What is the greatest common divisor of 15 and d?
3
Suppose -33 = -340*k + 337*k. Suppose -30 - 36 = -k*h. Suppose 3*p - 8 = -4*i + 37, -i - 30 = -2*p. Calculate the greatest common divisor of h and p.
3
Let t be (60/(-14))/((10665/(-3402))/79). Calculate the highest common factor of t and 1908.
36
Let r be (13/5)/(27/1215). Calculate the highest common factor of 104 and r.
13
Let z be 8*(-5 + 1/((-8)/(-56))) - 7. Calculate the highest common factor of z and 210.
3
Let d = -301 - -327. Let g(c) = c**2 - 27*c + 62. Let h be g(d). What is the highest common factor of h and 558?
18
Let y(b) = 44*b + 72. Let c be y(8). Suppose -3448 + c = -12*p. What is the highest common factor of p and 12?
12
Suppose 12 = 2*g, -10*b + 5*b - 2*g + 33877 = 0. What is the greatest common divisor of 13 and b?
13
Suppose 0 = -2*v - 4*u + 40, 2*u - 40 - 24 = -3*v. Let g be (-932)/(-17) - 405/(-2295). What is the highest common factor of v and g?
11
Let z be (1*1/9*-3)/((-4)/1152). Suppose 5*s - 635 = -4*o - 0*s, -2*o - s = -319. What is the highest common factor of z and o?
32
Let i be (14/4 + -1)/((-4)/(-24)). Suppose 90*l = 98*l - 720. What is the greatest common factor of l and i?
15
Let y be -4 + (-280)/(-64) - 423/(-24). Let j = -109 - -154. What is the greatest common divisor of j and y?
9
Suppose -21*x + 4*x + 78*x - 5110 = -12*x. Let n = 3 + 0. Suppose -4*t + r = -n*t - 25, -2*r + 30 = 2*t. Calculate the highest common factor of t and x.
10
Let p(h) be the first derivative of -h**3/3 + 10*h**2 - 58*h + 105. Let m be p(6). What is the greatest common divisor of 286 and m?
26
Let p = -4414 + 4434. What is the highest common factor of p and 588?
4
Let s(j) = 6*j**3 + 3*j**2 + 5. Let u be s(-3). Let i = -108 - u. Let n be 0 - 5/(20/(-176)). What is the highest common factor of i and n?
22
Let j(a) = a**3 + 3 - 11*a - 4*a**2 + 6 + 12*a + 9*a. Let r be j(5). Calculate the highest common factor of r and 2268.
84
Let i = -362 + 481. Suppose 116*a + 69 = i*a. Let b = -470 - -677. Calculate the highest common factor of a and b.
23
Let y(c) = -2*c**2 - 44*c + 70. Let f be y(-23). Suppose 4*o + 15 = 9*o. Let b(q) = 57*q - 3. Let r be b(o). Calculate the greatest common divisor of f and r.
24
Suppose 0 = 56*f - 189*f + 42560. Calculate the greatest common factor of 400 and f.
80
Suppose 0 = 7*p + 2 - 51. Suppose -1144 = -p*t - 4*t. What is the greatest common factor of t and 78?
26
Let u(f) = -f**2 + 24*f + 49. Let m be u(21). Calculate the highest common factor of m and 476.
28
Let o(t) = -3*t**3 + t**2 + t - 7. Let u be o(3). Let f = 106 + u. What is the greatest common factor of f and 45?
15
Suppose 1070 = -79*v + 4783. Calculate the greatest common divisor of 3713 and v.
47
Let u be (15*(-22)/110)/(-2 + 111/60). What is the greatest common factor of u and 1550?
10
Suppose -3 = -5*r + 2, 0 = -m - 5*r + 9. Let t = 12 - -18. Suppose m*a = -w + 80 - t, -170 = -5*w - 4*a. Calculate the greatest common factor of 40 and w.
10
Let l(p) = 7*p**3 - 117*p**2 + 6*p + 20. Let a be l(17). Calculate the highest common divisor of 595 and a.
35
Let s = -554 + 267. Let h = 357 + s. Calculate the greatest common divisor of 210 and h.
70
Let x = -6299 - -6447. What is the highest common factor of x and 6290?
74
Suppose 1382 = 4*d - 906. Let u = d + -523. Calculate the greatest common factor of u and 42.
7
Let y be ((-2)/(-2))/((-6)/(-18)) - 3. Suppose y = -4*d + 51 + 345. Suppose -4 = -0*f + f, -38 = -2*r + 5*f. Calculate the greatest common factor of r and d.
9
Let i be (5 + (-110)/30)/(4/330). What is the greatest common factor of i and 110?
110
Suppose 2*v + 16*c = 11*c + 15, 5*v = -c + 3. Suppose -9*h + 13*h = 4*r - 800, v = 2*r - 3*h - 404. What is the greatest common factor of r and 28?
28
Let q(o) = o**2 + 17*o - 11. Let m(d) = d**2 - d - 1. Let h(f) = 3*m(f) - q(f). Let c be h(10). Let g = 14 - -26. What is the highest common factor of c and g?
8
Let l(q) = 4*q**2 + 8. Let p be l(-4). Let i = 2284 - 2194. Calculate the greatest common divisor of p and i.
18
Let j(a) = -a**3 - 7*a**2 - 5*a - 7. Let n be j(-5). Suppose 70*y - 1663 - 4272 = -1175. Let f = y + n. Calculate the greatest common factor of 24 and f.
12
Let j(w) be the third derivative of w**5/60 - 5*w**4/24 - 57*w**2. Let l be (-14)/(-3)*6/4. Let h be j(l). Calculate the greatest common divisor of h and 7.
7
Let t(c) = -4*c**3 - 9*c**2 - 37*c - 50. Let r be t(-3). Let x = 95 + -23. What is the highest common factor of x and r?
8
Suppose 0 = -59*r - 125*r + 52*r + 17820. Let q = 269 + -161. What is the highest common divisor of q and r?
27
Let q = 10500 - 10038. What is the highest common divisor of 363 and q?
33
Let t(l) = -7*l + 75. Let a be t(10). Suppose -125 = 16*w - 18*w - d, 2*w = a*d + 95. Calculate the greatest common divisor of 12 and w.
12
Let k = 6908 - 6900. Calculate the greatest common divisor of k and 2000.
8
Let y = -18 + 37. Suppose -25 = 3*g - y. Let k be (-24)/(-16) + (-1)/g. Calculate the greatest common divisor of 3 and k.
1
Let x = 10 - 27. Let t = x + 17. Suppose 2*g - l - 15 - 7 = t, 0 = 3*g - 4*l - 38. What is the greatest common divisor of 70 and g?
10
Let o(t) = 9*t**2 - 1059*t - 4. Let f be o(118). What is the highest common factor of f and 6230?
70
Suppose -3*v - 24 = -2*s + 82, s + 2*v - 39 = 0. Suppose 13*q - 5*i = 14*q - s, -3*i - 23 = -q. What is the greatest common divisor of q and 352?
32
Let h(n) = n**2 - 4*n - 21. Let g be h(7). Suppose g = 2*w - 10, -5*w = 5*b - 1582 - 1603. What is the greatest common divisor of 79 and b?
79
Let h(n) = -1 + 5 + 4*n - 2. Suppose -7*o = -12*o + 45. Let m be h(o). What is the highest common factor of 57 and m?
19
Let p be (-9072)/(-96) - 4/((-8)/3). Calculate the greatest common factor of 232 and p.
8
Let c = -6117 + 6348. What is the highest common divisor of c and 99?
33
Let a(b) = -4338*b + 4707. Let f be a(-6). What is the greatest common factor of f and 90?
45
Let k be ((-17 - 3)/(-2))/((-3)/(-24)). Suppose -20*m + 15*m = -k. What is the greatest common factor of 112 and m?
16
Let g(j) = -j**3 - 25*j**2 + 27. Let l be g(-25). Suppose 24*f = 21*f + l. Let w = 